
True
Is 152 a factor of 60187?
False
Is 1640175 a multiple of 43?
False
Does 2 divide 113354?
True
Does 48 divide 76602?
False
Is 19 a factor of 40411?
False
Is 207 a factor of 1988028?
True
Does 50 divide 91401?
False
Does 109 divide 10316414?
True
Is 34 a factor of 4707147?
False
Is 137945 a multiple of 47?
True
Is 1000944 a multiple of 378?
True
Is 1354376 a multiple of 8?
True
Is 2242560 a multiple of 24?
True
Does 43 divide 468485?
True
Does 39 divide 3744?
True
Is 340666 a multiple of 10?
False
Is 957627 a multiple of 569?
True
Does 312 divide 1903512?
True
Does 88 divide 346984?
True
Is 555581 a multiple of 564?
False
Is 66916 a multiple of 14?
False
Is 17 a factor of 205139?
True
Does 60 divide 6532191?
False
Is 234386 a multiple of 29?
False
Does 184 divide 1440391?
False
Is 489838 a multiple of 18?
False
Does 107 divide 4348159?
True
Is 279 a factor of 13504?
False
Is 1755510 a multiple of 359?
True
Does 45 divide 19044?
False
Is 5 a factor of 1351342?
False
Does 53 divide 2225788?
True
Is 5949944 a multiple of 14?
True
Does 101 divide 695587?
True
Is 21 a factor of 361294?
False
Is 95 a factor of 12475115?
True
Is 7 a factor of 102382?
True
Is 219729 a multiple of 15?
False
Is 207 a factor of 86730?
False
Is 118944 a multiple of 2?
True
Is 7009228 a multiple of 19?
False
Is 620887 a multiple of 295?
False
Does 57 divide 165015?
True
Does 4 divide 360892?
True
Is 321372 a multiple of 295?
False
Is 10 a factor of 2817476?
False
Is 931826 a multiple of 1318?
True
Is 9 a factor of 227044?
False
Is 467840 a multiple of 68?
True
Does 24 divide 39346920?
True
Is 731864 a multiple of 56?
True
Is 131 a factor of 358416?
True
Does 2 divide 41335?
False
Does 54 divide 41704?
False
Does 56 divide 1682084?
False
Is 4275969 a multiple of 233?
False
Does 23 divide 738563?
False
Is 47 a factor of 6768?
True
Is 2861771 a multiple of 353?
True
Is 336243 a multiple of 323?
True
Is 1045115 a multiple of 499?
False
Does 124 divide 66425?
False
Does 86 divide 2422964?
True
Is 836836 a multiple of 4?
True
Is 1029920 a multiple of 20?
True
Does 7 divide 60557?
True
Is 3 a factor of 38489?
False
Is 16 a factor of 1311744?
True
Does 96 divide 9860640?
True
Is 199968 a multiple of 96?
True
Is 110432 a multiple of 56?
True
Is 284 a factor of 61706?
False
Is 1242 a factor of 4559926?
False
Is 602235 a multiple of 94?
False
Is 4854500 a multiple of 50?
True
Is 780567 a multiple of 44?
False
Is 1676987 a multiple of 13?
True
Is 236334 a multiple of 21?
True
Is 17 a factor of 4549931?
True
Is 287168 a multiple of 28?
True
Does 9 divide 201501?
True
Does 93 divide 31992?
True
Does 72 divide 22403465?
False
Does 61 divide 169365?
False
Is 2489800 a multiple of 590?
True
Is 20 a factor of 86293?
False
Does 11 divide 9545306?
False
Does 497 divide 613918?
False
Is 89 a factor of 131631?
True
Is 906 a factor of 2403686?
False
Is 662 a factor of 960865?
False
Does 262 divide 243250?
False
Is 2 a factor of 13549?
False
Is 35 a factor of 51016?
False
Is 230092 a multiple of 92?
True
Is 1263 a factor of 1381722?
True
Does 15 divide 4701413?
False
Is 7856756 a multiple of 392?
False
Is 19 a factor of 53744?
False
Is 24087 a multiple of 111?
True
Is 38 a factor of 3245276?
True
Does 229 divide 924149?
False
Does 159 divide 2914947?
True
Does 55 divide 279004?
False
Does 14 divide 37072?
True
Is 3 a factor of 1152813?
True
Is 3 a factor of 56425?
False
Is 96 a factor of 54515?
False
Is 7 a factor of 3662649?
False
Is 1925513 a multiple of 15?
False
Is 19892147 a multiple of 13?
False
Does 11 divide 11279477?
True
Is 8170800 a multiple of 150?
True
Does 25 divide 4307625?
True
Is 591475 a multiple of 581?
False
Is 7 a factor of 48062?
True
Is 29 a factor of 2414234?
False
Is 212 a factor of 213060?
True
Is 1935564 a multiple of 20?
False
Is 11 a factor of 13215708?
True
Is 1440231 a multiple of 772?
False
Is 14436679 a multiple of 139?
True
Does 44 divide 81670?
False
Is 76 a factor of 40637?
False
Is 8007862 a multiple of 59?
False
Does 24 divide 58589?
False
Is 428426 a multiple of 93?
False
Does 13 divide 2260256?
False
Is 13295556 a multiple of 18?
True
Is 25 a factor of 19009496?
False
Does 131 divide 53813?
False
Does 6 divide 45037?
False
Is 40 a factor of 20600?
True
Is 1083187 a multiple of 76?
False
Does 71 divide 14468?
False
Does 30 divide 777985?
False
Is 2108 a multiple of 3?
False
Is 123888 a multiple of 232?
True
Does 504 divide 25138414?
False
Is 13124026 a multiple of 467?
False
Does 26 divide 517088?
True
Does 55 divide 14054205?
True
Is 680 a factor of 1286599?
False
Does 6 divide 100122?
True
Does 204 divide 5501676?
True
Is 1982257 a multiple of 353?
False
Does 47 divide 2726?
True
Is 2862 a multiple of 18?
True
Is 81643 a multiple of 5?
False
Is 4 a factor of 134087?
False
Is 12715 a multiple of 26?
False
Is 29 a factor of 33408?
True
Does 6 divide 1708026?
True
Is 336 a factor of 134944?
False
Does 58 divide 3586335?
False
Does 187 divide 80223?
True
Is 541328 a multiple of 8?
True
Is 95472 a multiple of 52?
True
Does 16 divide 5303152?
True
Is 114 a factor of 1033980?
True
Is 55518 a multiple of 27?
False
Is 312162 a multiple of 3?
True
Is 181930 a multiple of 70?
True
Does 25 divide 3623400?
True
Is 265033 a multiple of 47?
True
Is 721304 a multiple of 526?
False
Is 16 a factor of 42158?
False
Does 3 divide 44258?
False
Is 59 a factor of 48021?
False
Is 13 a factor of 142662?
True
Does 97 divide 4824683?
True
Is 2652384 a multiple of 12?
True
Is 204912 a multiple of 9?
True
Does 168 divide 180057?
False
Is 7 a factor of 945898?
False
Does 195 divide 495172?
False
Is 163 a factor of 6786505?
True
Does 8 divide 78976?
True
Is 27 a factor of 10525?
False
Is 854694 a multiple of 618?
True
Does 10 divide 1247180?
True
Is 396 a factor of 330580?
False
Does 145 divide 157905?
True
Is 93682 a multiple of 7?
False
Is 131 a factor of 57378?
True
Is 1004958 a multiple of 31?
True
Is 24771 a multiple of 9?
False
Does 195 divide 490035?
True
Does 63 divide 6559623?
True
Is 5 a factor of 154120?
True
Does 16 divide 2020464?
True
Is 1356130 a multiple of 176?
False
Does 30 divide 436081?
False
Is 651 a factor of 252588?
True
Is 34 a factor of 959684?
True
Is 65 a factor of 743990?
True
Is 5042391 a multiple of 6?
False
Is 1501025 a multiple of 8?
False
Is 14 a factor of 202813?
False
Is 74 a factor of 8894179?
False
Does 31 divide 84599?
True
Is 97152 a multiple of 66?
True
Does 64 divide 1301376?
True
Does 59 divide 479057?
False
Does 45 divide 181331?
False
Is 5263 a multiple of 50?
False
Is 497 a factor of 363804?
True
Is 22728 a multiple of 446?
False
Is 13 a factor of 435071?
True
Does 266 divide 942827?
False
Does 4 divide 1591152?
True
Does 84 divide 341964?
True
Is 488044 a multiple of 668?
False
Is 286 a factor of 3712280?
True
Is 96861 a multiple of 83?
True
Is 213440 a multiple of 11?
False
Is 8358189 a multiple of 305?
False
Is 4 a factor of 35140?
True
Is 72693 a multiple of 11?
False
Does 11 divide 114136?
True
Does 33 divide 42108?
True
Is 54 a factor of 234576?
True
Does 105 divide 411766?
False
Is 10 a factor of 5640052?
False
Is 388 a factor of 9812651?
False
Is 69 a factor of 142416?
True
Is 3363283 a multiple of 31?
True
Does 498 divide 687977?
False
Is 543604 a multiple of 4?
True
Is 322374 a multiple of 17?
False
Is 53652 a multiple of 6?
True
Is 3806772 a multiple of 116?
True
Is 1525306 a multiple of 308?
False
Does 33 divide 6106518?
True
Is 9 a factor of 5818086?
True
Is 141 a factor of 1033817?
False
Is 147325 a multiple of 11?
False
Is 16553830 a multiple of 1090?
True
Is 48984 a multiple of 78?
True
Does 9 divide 34322?
False
Does 10 divide 353481?
False
Is 2 a factor of 331104?
True
Does 794 divide 2037337?
False
Is 831932 a multiple of 223?
False
Is 6665496 a multiple of 8?
True
Is 3 a factor of 343275?
True
Is 460446 a multiple of 842?
False
Does 11 divide 26154?
False
Is 978838 a multiple of 787?
False
Does 486 divide 1068320?
False
Is 70883 a multiple of 90?
False
Does 31 divide 3653755?
False
Does 79 divide 802036?
False
Is 394010 a multiple of 38?
False
Does 96 divide 423788?
False
Is 87 a factor of 194974?
False
Is 3 a factor of 14180?
False
Is 162 a factor of 1943190?
True
Is 31 a factor of 1545043?
False
Is 205470 a multi